
What is the remainder when 587 is divided by 10?
7
Calculate the remainder when 11532 is divided by 56.
52
Calculate the remainder when 211 is divided by 15.
1
Calculate the remainder when 279 is divided by 19.
13
Calculate the remainder when 394 is divided by 16.
10
Calculate the remainder when 6547 is divided by 262.
259
Calculate the remainder when 535 is divided by 143.
106
What is the remainder when 1548 is divided by 768?
12
Calculate the remainder when 247 is divided by 33.
16
What is the remainder when 245 is divided by 31?
28
Calculate the remainder when 2886 is divided by 121.
103
Calculate the remainder when 680 is divided by 30.
20
Calculate the remainder when 998 is divided by 82.
14
Calculate the remainder when 2423 is divided by 134.
11
What is the remainder when 202 is divided by 8?
2
What is the remainder when 218 is divided by 55?
53
Calculate the remainder when 1482 is divided by 201.
75
What is the remainder when 87 is divided by 3?
0
Calculate the remainder when 2438 is divided by 4.
2
What is the remainder when 502 is divided by 18?
16
Calculate the remainder when 2406 is divided by 798.
12
What is the remainder when 4865 is divided by 2403?
59
Calculate the remainder when 1915 is divided by 112.
11
What is the remainder when 897 is divided by 75?
72
What is the remainder when 376 is divided by 20?
16
Calculate the remainder when 616 is divided by 184.
64
What is the remainder when 521 is divided by 131?
128
Calculate the remainder when 142 is divided by 9.
7
What is the remainder when 118 is divided by 63?
55
Calculate the remainder when 494 is divided by 483.
11
Calculate the remainder when 3419 is divided by 20.
19
What is the remainder when 69 is divided by 3?
0
Calculate the remainder when 1399 is divided by 27.
22
Calculate the remainder when 24 is divided by 16.
8
Calculate the remainder when 74 is divided by 19.
17
What is the remainder when 57 is divided by 8?
1
Calculate the remainder when 69 is divided by 39.
30
Calculate the remainder when 289 is divided by 97.
95
What is the remainder when 518 is divided by 10?
8
What is the remainder when 197 is divided by 1?
0
What is the remainder when 79 is divided by 32?
15
What is the remainder when 2676 is divided by 67?
63
What is the remainder when 8906 is divided by 162?
158
What is the remainder when 139 is divided by 53?
33
Calculate the remainder when 289 is divided by 19.
4
What is the remainder when 862 is divided by 397?
68
Calculate the remainder when 99 is divided by 63.
36
Calculate the remainder when 793 is divided by 5.
3
Calculate the remainder when 253 is divided by 20.
13
Calculate the remainder when 1366 is divided by 361.
283
Calculate the remainder when 3064 is divided by 5.
4
What is the remainder when 100 is divided by 15?
10
What is the remainder when 147 is divided by 63?
21
What is the remainder when 557 is divided by 80?
77
Calculate the remainder when 3512 is divided by 234.
2
Calculate the remainder when 59 is divided by 20.
19
What is the remainder when 24673 is divided by 25?
23
What is the remainder when 28 is divided by 7?
0
Calculate the remainder when 47 is divided by 27.
20
Calculate the remainder when 1098 is divided by 283.
249
What is the remainder when 10319 is divided by 21?
8
Calculate the remainder when 12670 is divided by 48.
46
What is the remainder when 171 is divided by 62?
47
What is the remainder when 1737 is divided by 79?
78
Calculate the remainder when 682 is divided by 136.
2
What is the remainder when 22 is divided by 19?
3
What is the remainder when 736 is divided by 18?
16
What is the remainder when 276 is divided by 93?
90
What is the remainder when 225 is divided by 104?
17
Calculate the remainder when 7 is divided by 2.
1
Calculate the remainder when 918 is divided by 229.
2
Calculate the remainder when 217 is divided by 73.
71
Calculate the remainder when 19 is divided by 16.
3
Calculate the remainder when 626 is divided by 42.
38
What is the remainder when 198 is divided by 87?
24
What is the remainder when 5188 is divided by 30?
28
Calculate the remainder when 150 is divided by 7.
3
What is the remainder when 166 is divided by 6?
4
What is the remainder when 96 is divided by 11?
8
Calculate the remainder when 591 is divided by 37.
36
What is the remainder when 199 is divided by 17?
12
What is the remainder when 1424 is divided by 14?
10
Calculate the remainder when 1122 is divided by 45.
42
What is the remainder when 524 is divided by 523?
1
What is the remainder when 98 is divided by 33?
32
What is the remainder when 183 is divided by 57?
12
Calculate the remainder when 3439 is divided by 14.
9
What is the remainder when 449 is divided by 18?
17
What is the remainder when 71 is divided by 9?
8
What is the remainder when 671 is divided by 156?
47
Calculate the remainder when 2857 is divided by 10.
7
Calculate the remainder when 766 is divided by 143.
51
What is the remainder when 101 is divided by 23?
9
What is the remainder when 219 is divided by 11?
10
What is the remainder when 2198 is divided by 65?
53
Calculate the remainder when 343 is divided by 5.
3
What is the remainder when 2687 is divided by 21?
20
What is the remainder when 587 is divided by 21?
20
Calculate the remainder when 381 is divided by 129.
123
What is the remainder when 392 is divided by 17?
1
What is the remainder when 497 is divided by 3?
2
Calculate the remainder when 6036 is divided by 11.
8
What is the remainder when 287 is divided by 215?
72
Calculate the remainder when 523 is divided by 47.
6
Calculate the remainder when 1812 is divided by 11.
8
What is the remainder when 190 is divided by 107?
83
Calculate the remainder when 289 is divided by 61.
45
What is the remainder when 1252 is divided by 114?
112
Calculate the remainder when 1466 is divided by 7.
3
Calculate the remainder when 215 is divided by 21.
5
What is the remainder when 410 is divided by 132?
14
What is the remainder when 272 is divided by 72?
56
What is the remainder when 372 is divided by 128?
116
What is the remainder when 31 is divided by 11?
9
Calculate the remainder when 645 is divided by 55.
40
What is the remainder when 2351 is divided by 2311?
40
Calculate the remainder when 862 is divided by 18.
16
What is the remainder when 86 is divided by 2?
0
Calculate the remainder when 244 is divided by 63.
55
What is the remainder when 5472 is divided by 15?
12
What is the remainder when 242 is divided by 60?
2
Calculate the remainder when 90 is divided by 47.
43
Calculate the remainder when 188 is divided by 49.
41
Calculate the remainder when 81 is divided by 1.
0
Calculate the remainder when 14 is divided by 4.
2
What is the remainder when 42 is divided by 3?
0
What is the remainder when 6315 is divided by 333?
321
What is the remainder when 523 is divided by 35?
33
What is the remainder when 88 is divided by 22?
0
Calculate the remainder when 49 is divided by 12.
1
Calculate the remainder when 197 is divided by 189.
8
Calculate the remainder when 5 is divided by 2.
1
What is the remainder when 69 is divided by 20?
9
What is the remainder when 3181 is divided by 43?
42
Calculate the remainder when 244 is divided by 107.
30
What is the remainder when 172 is divided by 64?
44
What is the remainder when 646 is divided by 8?
6
What is the remainder when 127 is divided by 69?
58
What is the remainder when 15 is divided by 10?
5
Calculate the remainder when 7279 is divided by 26.
25
What is the remainder when 196 is divided by 32?
4
What is the remainder when 4117 is divided by 55?
47
Calculate the remainder when 59 is divided by 19.
2
Calculate the remainder when 35 is divided by 17.
1
What is the remainder when 152 is divided by 43?
23
Calculate the remainder when 545 is divided by 13.
12
Calculate the remainder when 7195 is divided by 30.
25
What is the remainder when 638 is divided by 78?
14
Calculate the remainder when 1556 is divided by 65.
61
Calculate the remainder when 20 is divided by 3.
2
Calculate the remainder when 80 is divided by 36.
8
Calculate the remainder when 977 is divided by 28.
25
Calculate the remainder when 176 is divided by 103.
73
Calculate the remainder when 518 is divided by 122.
30
Calculate the remainder when 87 is divided by 53.
34